j + c = 0. What is the greatest common factor of 1 and z?
1
Suppose w = 1, 7*y - 2*y + 5*w - 30 = 0. Let u(r) = 3*r - 3. Let x be u(y). Let g be 1348/16 + (-6 - 1)/28. What is the greatest common factor of x and g?
12
Let u(x) = x**2 + 121. Let k be u(0). Let p = 17004 - 16993. What is the greatest common factor of p and k?
11
Suppose 4*v = -0*v + 176. Let c be 2/2 + -3 + -2 + v. Calculate the highest common divisor of 8 and c.
8
Let q = -15 + 8. Let i = q - -9. Suppose 0*a + a + 4*x - 58 = 0, a + i*x = 52. What is the highest common divisor of a and 69?
23
Let z = 3906 + -3872. Suppose -374 = l - 2*l. Calculate the greatest common divisor of z and l.
34
Let s = -492 + 546. What is the greatest common factor of 189 and s?
27
Let q(x) = -2*x**3 + 2*x**2 + 3*x + 2. Let b be q(-1). Suppose -b*c + 6*c - 96 = -2*j, -5*j = -15. Calculate the highest common factor of c and 60.
30
Let d(t) = -t**2 + 21*t - 44. Let b be d(17). What is the greatest common factor of b and 324?
12
Let p = 31 + -19. Let j be (-2 + 20/p)*-30. Suppose c - 16 = -2*f - 0*f, 9 = 3*f. Calculate the highest common divisor of c and j.
10
Let b(x) = -5*x + 295. Let a be b(31). Calculate the highest common factor of 245 and a.
35
Suppose -4*z - 5*i = -223, -2*z - 263 = -7*z - i. Calculate the greatest common divisor of 4 and z.
4
Let p(t) = t**2 - 11*t + 15. Let q be p(6). Let l be 95/q*(-6)/2. Let a be -2 - (1 - -1 - 99). Calculate the greatest common divisor of a and l.
19
Suppose -5*s - 3 = -18. Suppose -3*b = 3, -2*b - 26 = -s*g - g. Let m(x) = -x**3 + 4*x**2 + 3. Let z be m(3). What is the greatest common factor of z and g?
6
Let n(b) = -b**2 + 48*b + 100. Let g be n(16). Calculate the greatest common divisor of g and 36.
36
Suppose 4*j = 2*j + 2. Let c be j - -7 - (-2)/(-2). Let o be 10 + 3 + (6 - 9) + -3. What is the greatest common divisor of o and c?
7
Suppose 6*m - 3*m = 90. Let x be 8/10*m/2. Let q be x/(3/48*2). Calculate the greatest common factor of q and 64.
32
Let a be (-108 - 8)/(0 + (-8)/20). What is the highest common factor of a and 232?
58
Let m = -874 - -877. Calculate the highest common factor of 27 and m.
3
Suppose -v - 306 = -2*u - 3*v, -4*u = -3*v - 626. What is the greatest common divisor of u and 10?
5
Let h(t) = -t + 4 + 0*t + 0*t. Let d be h(-9). Let m(g) = 116*g**2 - 37*g - 36. Let f be m(-1). What is the greatest common factor of f and d?
13
Let q = -229 + 303. Calculate the greatest common divisor of q and 222.
74
Let j = 156 - 122. Let g = j + 197. Calculate the highest common factor of 21 and g.
21
Let m be (-2)/5 + (268/(-5))/(-4). Let u be 0 + (-5 - -5) + (m - 1). What is the highest common divisor of u and 96?
12
Suppose 3*j + 103 = 859. What is the highest common factor of j and 36?
36
Suppose 0 = 5*z - 15, 4*b - 2*b + 5*z = -107. Let g = 60 - -53. Let m = g + b. What is the highest common factor of 13 and m?
13
Suppose 4*q - 21 = -3*g + 24, 0 = 2*g + 3*q - 29. Suppose 0*y = 5*f - 5*y - 85, 0 = -4*y + 8. Calculate the greatest common factor of f and g.
19
Suppose -8*h + 223 - 95 = 0. Calculate the greatest common divisor of 848 and h.
16
Let z be (-124)/6*(-1653)/38. What is the greatest common factor of z and 29?
29
Suppose -2*k - 2*p = -76, -8 - 17 = -5*p. Let m = 165 - k. Let l(w) = -w**3 - 8*w**2 - 8*w + 5. Let n be l(-7). What is the greatest common divisor of n and m?
12
Let t(f) = -f**3 - 6*f**2 + f - 36. Let z be t(-7). What is the greatest common divisor of 46 and z?
2
Suppose -2*f - 3*u = -21, -2*f + 3*f + 5*u - 7 = 0. Calculate the highest common factor of f and 2004.
12
Suppose 2*v - 3*w - 280 = -w, -5*v - w = -718. Suppose -5*l = -157 - v. What is the greatest common divisor of l and 24?
12
Suppose 6 = d - 7. Suppose d + 2 = -3*b. Let y = b - -10. What is the highest common factor of y and 35?
5
Let h be (-600)/(-16)*4/6. Suppose 0 = 4*d - 172 - 328. What is the greatest common factor of d and h?
25
Suppose -5*v + 2*g + 561 = -22, 5*v - g - 584 = 0. What is the highest common factor of 27 and v?
9
Suppose 0 = -6*z + 3*z + 12. Let o be 0 + 1 - (-2 + -1). Suppose 2 = a - 0*a, 140 = 3*y + o*a. Calculate the highest common factor of y and z.
4
Let h = 272 - 200. What is the highest common factor of h and 9?
9
Let x be ((-32956)/(-48))/7 + 18/(-216). Calculate the highest common factor of x and 14.
14
Let b = 12 - 9. Let n(c) = -c + 3. Let f be n(b). Let z be f - ((-2)/2 - 39). Calculate the greatest common divisor of 8 and z.
8
Suppose -4*f = -4*z - 92, -22 - 20 = -2*f + 4*z. Let t be (6/8)/(-2 + (-1202)/(-600)). Calculate the highest common divisor of f and t.
25
Suppose 0 = 3*n - 3*x - 24, 3*n = 5*n + 5*x - 37. Suppose n + 124 = 9*c. What is the highest common factor of 10 and c?
5
Let w(f) = -3*f - 21. Let d be w(-4). Let n = d - -27. What is the greatest common factor of 2 and n?
2
Let b(f) = f**2 - 7*f + 6. Let t be -1 - (-15 + -3)/2. Let s be b(t). Calculate the highest common factor of 28 and s.
14
Let o(x) = 112*x**3 - 8*x**2 + 13*x - 8. Let k be o(2). Calculate the greatest common factor of 36 and k.
18
Suppose -8*u + 25 = -23. Let a(z) = -2*z + 5. Let w be a(u). Let v be (-184)/w + 44/(-154). Calculate the greatest common factor of v and 104.
26
Let v(w) = 64*w**2 - w + 1. Let g be v(1). Let s = -2 + 54. Let q = s - 36. Calculate the greatest common factor of g and q.
16
Let q be 52/14 - (-8)/28. Let n(v) = -v**3 + 3*v**2 + 6*v - 6. Let c be n(q). Suppose -6*j + 3*j = -42. What is the highest common factor of c and j?
2
Let r be (2/4)/(-2*(-2)/1200). Suppose r = 5*a - 5*b, -b + 0 = 2*a - 60. What is the highest common factor of a and 15?
15
Let f be 11 + ((-6)/2 - -2). Let a = 7 - -3. What is the greatest common divisor of f and a?
10
Suppose 0 = 2*b + 36 + 26. Let k = b - 53. Let t be -15*(k/5)/3. Calculate the greatest common divisor of 12 and t.
12
Let z(q) = q**2 + 8*q - 7. Let l be z(-9). Suppose l*x = -3*x + 140. Let a(v) = 13*v + 3. Let f be a(3). Calculate the highest common factor of f and x.
14
Let a = 1260 + -1232. Let v = 477 + -309. Calculate the greatest common factor of a and v.
28
Let p = 92 + -36. What is the highest common factor of p and 280?
56
Let n(q) be the first derivative of -q**4/4 + 8*q**3/3 - 2*q**2 - 6*q - 1. Let m be n(7). Calculate the highest common divisor of m and 30.
15
Let u(q) = q**3 - 4*q**2 - 7. Let j be u(5). Suppose -432 = -1714*d + 1678*d. What is the greatest common factor of j and d?
6
Suppose 5*y + 112 = 12*y. Calculate the highest common divisor of 40 and y.
8
Let r = 156 - -156. What is the greatest common divisor of 234 and r?
78
Let r be 3/((-36)/(-64))*18/4. Suppose 4*l + 0*l + 44 = 4*d, -l + 37 = 5*d. What is the highest common factor of d and r?
8
Let b be (-30)/(3/3) + 3. Let h(j) = 33*j + 2. Let m be h(-3). Let w = b - m. Calculate the greatest common divisor of w and 10.
10
Let s = -37 - -36. Let d(u) = 4*u**2 + 1. Let w be d(s). Let p = -13 + 18. What is the greatest common divisor of p and w?
5
Let w = 788 + -773. Calculate the highest common divisor of w and 48.
3
Let x(g) be the first derivative of g**3/3 - 11*g**2/2 + 13*g - 4. Let d be x(10). Suppose d*z - 18 = z. Calculate the greatest common factor of z and 9.
9
Let u be ((-8)/20)/((-4)/40). Suppose 0 = -3*q + 38 + u. What is the highest common divisor of 7 and q?
7
Suppose 5*n + 1710 = 5*o + 10, n = 2*o - 683. What is the highest common divisor of o and 7?
7
Suppose -5*s - 80 = 4*w - 9*w, -2*w = -4*s - 40. Calculate the highest common factor of w and 492.
12
Suppose 3*b - 19 = -4. Let f be -1*(-260)/b - -3. Let t = 8 + 3. What is the greatest common factor of f and t?
11
Let r(b) = -b - 3. Let i be r(-5). Suppose -10 = -4*u - i. What is the highest common divisor of u and 5?
1
Suppose 5*u = -3*l - 200, 3*l = -l - 3*u - 274. Let o = -30 - l. What is the greatest common factor of 20 and o?
20
Suppose 0 = -4*o - 16, -1339 = -4*j + 4*o + 1517. Calculate the greatest common divisor of j and 30.
10
Let t = 1 - -7. Suppose -3*r = -9 - 45. Let y be r/63 - 26/(-7). Calculate the greatest common factor of y and t.
4
Let h(q) = q**2 - 2*q - 2. Let n be h(2). Let a be n + 112 + -1 + 1. Let o = 236 - 225. Calculate the highest common factor of a and o.
11
Let o be 3/15 + (94/5 - -2). Suppose 281 = j + 29. Calculate the g